s 31400302 + -11?
31400241
In base 14, what is 2 + -caa6?
-caa4
In base 11, what is -3509 - -9?
-3500
In base 13, what is -3212 - 206?
-3418
In base 9, what is 1367327 - 1?
1367326
In base 2, what is 11000000 + -1100000101?
-1001000101
In base 2, what is 111100101000 + 111?
111100101111
In base 11, what is 146 + 2a379?
2a514
In base 2, what is 11000110101 - 11010?
11000011011
In base 4, what is 1010103121 + -1?
1010103120
In base 3, what is 10000 - 1020221?
-1010221
In base 15, what is -826 - -20?
-806
In base 11, what is -1527678 + -3?
-1527680
In base 14, what is 0 + 9c7c4?
9c7c4
In base 13, what is 26a5 - -4?
26a9
In base 3, what is 211 + -11012210?
-11011222
In base 2, what is -10001011101110 + -111111100?
-10010011101010
In base 4, what is 1113113211 - -13?
1113113230
In base 15, what is -2 - 3e28?
-3e2a
In base 4, what is 12 + 23232112?
23232130
In base 12, what is 3 + 264ba5?
264ba8
In base 15, what is 5 + -9aa64?
-9aa5e
In base 7, what is 3662521 + -2?
3662516
In base 14, what is 2c - -a61?
a8d
In base 11, what is 9 - -3943?
3951
In base 11, what is -1 + -307089?
-30708a
In base 13, what is -4ac8 + -1c?
-4b17
In base 14, what is 4 + -45d?
-459
In base 16, what is 51b7 + 26?
51dd
In base 13, what is -293a3 - 5?
-293a8
In base 8, what is -67 - -673?
604
In base 3, what is 1212 - 20012122?
-20010210
In base 13, what is 41396 - -3?
41399
In base 5, what is -2 - 10344141?
-10344143
In base 2, what is -100001011 + 111100000?
11010101
In base 9, what is 41428 + -1?
41427
In base 5, what is 41304120 - 3?
41304112
In base 9, what is 347 + 227?
575
In base 11, what is -1 - -14676?
14675
In base 3, what is -100102 - -12102212?
12002110
In base 7, what is 1120 + 11416?
12536
In base 2, what is 11000010 + 1000101100?
1011101110
In base 10, what is 12 + -131921?
-131909
In base 11, what is -940 + 1a8?
-743
In base 8, what is 32 + -2433?
-2401
In base 10, what is 1590 + -104?
1486
In base 9, what is -27 - -130?
102
In base 6, what is 2 - 2554341?
-2554335
In base 14, what is -a5406 + 2?
-a5404
In base 8, what is -744146 - 1?
-744147
In base 10, what is 10817 - -4?
10821
In base 3, what is -100002 - -10200202?
10100200
In base 9, what is -4246 + 414?
-3732
In base 16, what is 0 - 4ffb?
-4ffb
In base 2, what is -100011010 + -101100011110001?
-101101000001011
In base 16, what is -6d6 - -5?
-6d1
In base 14, what is 14 - -6cc?
702
In base 5, what is -203044 + -22?
-203121
In base 2, what is 1110001001111001011 + 100?
1110001001111001111
In base 12, what is 11 - 21975?
-21964
In base 2, what is 0 - 100011110101001?
-100011110101001
In base 2, what is -1111111 - 10010000100?
-10100000011
In base 7, what is -155 - 25053?
-25241
In base 2, what is -100100000010 - -100?
-100011111110
In base 13, what is -93869 - -1?
-93868
In base 13, what is 1 - 3953?
-3952
In base 8, what is 43724 + 270?
44214
In base 12, what is -23 + -286b?
-2892
In base 14, what is -4 + -19c22d?
-19c233
In base 16, what is -3 - -83d8?
83d5
In base 14, what is -3 - -31c72?
31c6d
In base 4, what is -1 + -231203032?
-231203033
In base 5, what is -2403034 + -23?
-2403112
In base 6, what is -11313315 + -2?
-11313321
In base 9, what is -2 + 2651?
2648
In base 4, what is -2123323 + 12?
-2123311
In base 15, what is -45 + -e5?
-13a
In base 11, what is -483 + 112?
-371
In base 7, what is -15403 - 203?
-15606
In base 12, what is b7 - -2314?
240b
In base 9, what is 82757 - 26?
82731
In base 5, what is 14131113 - 12?
14131101
In base 4, what is 21003100301 + -10?
21003100231
In base 10, what is -582 - 6914?
-7496
In base 7, what is 1323326 - -5?
1323334
In base 3, what is -2121 + 1001020120?
1001010222
In base 8, what is -7425 - 0?
-7425
In base 7, what is -334236 + 2?
-334234
In base 15, what is 20b - 40?
1bb
In base 15, what is 0 - 68bb0?
-68bb0
In base 6, what is -111254 - -15?
-111235
In base 2, what is 11010001 - 1110010011?
-1011000010
In base 4, what is -10 - -2100223?
2100213
In base 8, what is 36061 - 11?
36050
In base 11, what is -a - -1077?
1068
In base 10, what is -1055 + 18?
-1037
In base 8, what is -1014 - 137?
-1153
In base 15, what is 14 - 3914?
-3900
In base 3, what is 220020021 + 0?
220020021
In base 11, what is -3 + 268202?
2681aa
In base 15, what is 6 + -e83?
-e7c
In base 8, what is 4 + 1410316?
1410322
In base 13, what is 508c6 - -4?
508ca
In base 16, what is 343b - -2?
343d
In base 2, what is -1111101010111010 + 10?
-1111101010111000
In base 7, what is 3 + -36323?
-36320
In base 5, what is 3133240 + -303?
3132432
In base 15, what is -965 + -7a?
-9e0
In base 3, what is 12 + 1121222?
1122011
In base 11, what is 19 - -2035?
2053
In base 11, what is 19 + -1954?
-1936
In base 14, what is -7c1 - 289?
-a6a
In base 8, what is -317 - 50?
-367
In base 8, what is 3471 + -3?
3466
In base 14, what is -34d + b2?
-27b
In base 4, what is -10 + -2010011?
-2010021
In base 8, what is -130254 - -1?
-130253
In base 6, what is -152 + -32513?
-33105
In base 6, what is -12225 + 0?
-12225
In base 7, what is -122511 + -3?
-122514
In base 8, what is 264211 + -22?
264167
In base 4, what is -21133311 + -20?
-21133331
In base 7, what is -652 + -26?
-1011
In base 9, what is 84533 + -14?
84518
In base 14, what is 14 - 12a2?
-128c
In base 15, what is 33e9d - -1?
33e9e
In base 3, what is -112120 - 20102112?
-20222002
In base 3, what is 1 - 1221000122?
-1221000121
In base 15, what is -142 + 815d?
801b
In base 10, what is -763492 + -5?
-763497
In base 10, what is -107205 - 2?
-107207
In base 8, what is 40 + -212?
-152
In base 14, what is -871a8 + -4?
-871ac
In base 11, what is -232 + -2317?
-2549
In base 14, what is -98286 + -3?
-98289
In base 7, what is 1632 - 251?
1351
In base 14, what is 22c5 + 4c?
2333
In base 16, what is -4 - 7dcf?
-7dd3
In base 10, what is -14 - -144207?
144193
In base 14, what is 1 - -1066a?
1066b
In base 12, what is b48 - 5?
b43
In base 16, what is -38 + -490c?
-4944
In base 4, what is -20322321 - 0?
-20322321
In base 12, what is -1 + -82b2?
-82b3
In base 2, what is 10110111011 - 11010000?
10011101011
In base 8, what is -761 + 6?
-753
In base 16, what is -7 - 73518?
-7351f
In base 4, what is 313200 - 32?
313102
In base 3, what is 11202210201012 - 12?
11202210201000
In base 4, what is 111 + -10312320?
-10312203
In base 13, what is -2 + -2624?
-2626
In base 5, what is -14221 - 21112?
-40333
In base 11, what is -90 + 58?
-33
In base 5, what is 32 + -13044223?
-13044141
In base 13, what is 4 + 4c4a6?
4c4aa
In base 3, what is 0 - 120220002?
-120220002
In base 13, what is -7b8 - 51?
-839
In base 12, what is -3 - 109a3?
-109a6
In base 3, what is -1021112102 - -21110?
-1021020222
In base 10, what is 84 - 3380?
-3296
In base 12, what is -5 - -1a36?
1a31
In base 13, what is 27a24 - -19?
27a40
In base 4, what is -211 + -31110130?
-31111001
In base 8, what is 4 - -152?
156
In base 6, what is -12 + 103352?
103340
In base 11, what is -5 + -9103?
-9108
In base 13, what is 291a9 - 1?
291a8
In base 8, what is -4 - -1216070?
1216064
In base 10, what is 2638643 + -5?
2638638
In base 11, what is 25 - -4a0?
515
In base 3, what is 100020211 - -1?
100020212
In base 3, what is 1121002102 + -202?
1121001200
In base 3, what is 2 + -11000122110?
-11000122101
In base 8, what is -1633 + -3032?
-4665
In base 5, what is 4242414 + -13?
4242401
In base 14, what is -917 - 449?
-d62
In base 5, what is 4043 - -232?
4330
In base 15, what is 2 - 5dc7?
-5dc5
In base 15, what is -28 + -3211?
-3239
In base 9, what is -14 - 40765?
-40780
In base 12, what is -37277 + 3?
-37274
In base 11, what is 55 - -656?
700
In base 11, what is 23584 - -5?
23589
In base 12, what is -4b2 + 384?
-12a
In base 5, what is 10 + -2424034?
-2424024
In base 5, what is -1220331 + -2?
-1220333
In base 10, what is -2 + -2651?
-2653
In base 16, what is -46969 + 0?
-46969
In base 4, what is -3 - 111121331?
-111122000
In base 4, what is -21302330 + 202?
-21302122
In base 15, what is -1a49b + -13?
-1a4ae
In base 9, what is 31776 - -8?
31785
In base 13, what is b9 - 14?
a5
In base 9, what is -1683346 - -4?
-1683342
In base 9, what is 12088 - 1113?
10875
In base 12, what is -12 - 6ba39?
-6ba4b
In base 11, what is -a4964 - -2?
-a4962
In base 15, what is 3dd6 - d1?
3d05
In base 15, what is b2db - 5?
b2d6
In base 5, what is 1101 - 40320?
-34214
In base 15, what 